48. Is l a composite number?
True
Let g be 1 + (0 - 0) + 8. Suppose -c - g = -4*c. Suppose -c*j + 793 = -86. Is j composite?
False
Is (-6)/(-87) + (-15962078)/(-638) a prime number?
False
Let p = 196 - 165. Is p a prime number?
True
Is 109007/2 - (-19 - -33)/28 a composite number?
False
Suppose 9*g - 4*g + 9707 = 4*l, 2*l + 4*g - 4834 = 0. Is l prime?
True
Let k be -26*(-3)/(12/(-16)). Let q be k/(-28) + (-4)/(-14). Suppose 0 = -0*s + q*s - 232. Is s a prime number?
False
Suppose -8*s = -123880 + 3776. Is s composite?
False
Suppose 3*m - 45 = 66. Suppose 4*k + 3 = -m. Let r = k + 47. Is r a composite number?
False
Suppose 0*i = -8*i. Suppose 5*a = 5*u, 2*a + u = -i*a + 12. Is (4/6)/(a/1110) composite?
True
Let c(u) = -u**3 - 5*u**2 - 4*u. Let a be c(-4). Suppose -2*k - 2*n + 7*n + 582 = a, 4*k = -4*n + 1164. Is k a composite number?
True
Is -1*(-10)/((-40)/(-4604)) composite?
False
Let n = -5 + 7. Suppose -2*i + 2 = 2*i + 2*q, 4*q = -5*i - n. Suppose 65 = i*j - 93. Is j a composite number?
False
Let a(c) = -476*c - 20. Suppose 0*r + 2 = -2*r, 4*k + 31 = r. Let z be a(k). Suppose -4*t + 608 + z = 0. Is t composite?
True
Let k(y) = 25*y - 2. Let s(o) = 2*o**2 - 6 - 1 + 4. Let n be s(-2). Is k(n) prime?
False
Let s = 3607 - 2210. Is s a prime number?
False
Let s(g) = 16*g**2 + g - 2. Let p be s(-2). Let h be (-4)/(p/(-9))*5. Suppose 5*f - 681 = -3*m + 895, -h*m - 1277 = -4*f. Is f a composite number?
False
Let m(o) = -1 + 32*o**2 - 2*o + 0*o - 4 + 210*o**2. Is m(-3) composite?
False
Suppose -12*k + 11*k - v = -729, -5*v = 25. Is k a composite number?
True
Let h(x) be the second derivative of 0*x**2 - 4*x + 1/20*x**5 + 5/6*x**4 - 2*x**3 + 0. Is h(-11) composite?
False
Let j be 70/(-3)*(-12)/10. Let g = 164 + j. Let t = -127 + g. Is t composite?
True
Let d be -2*5/10 - -5849. Is (-6)/(-10) + d/20 a prime number?
True
Suppose 4*a = -8 + 20. Let o(u) = 67*u - 14. Is o(a) a composite number?
True
Let u = 15 - 10. Suppose 2*h - 648 = 5*g + 35, -u*h + 1635 = 2*g. Is h a composite number?
True
Let o(a) = 160*a + 7. Let q be (-28)/(-7) - (23 - -1). Let g be q/(-50) - 26/(-10). Is o(g) composite?
False
Let h(z) = z**3 - 6*z**2 + 4*z + 9. Let g be h(5). Suppose -2298 = -4*d - 2*x, g*d = -3*x - x + 2304. Is d a composite number?
True
Let h(p) = -1276*p**3 - p**2 - 2*p. Suppose -7*g + 10*g = -3. Is h(g) a prime number?
True
Let o(g) = 72*g**3 - g**2 + 13*g - 19. Is o(2) prime?
False
Let p(q) = q**3 + 10*q**2 - 13*q - 21. Let o be p(-8). Let r = o + 898. Is r a composite number?
False
Let b(n) = n - 4. Let u(y) = y**2 + 7*y - 4. Let p be u(-8). Let r be b(p). Suppose -2*i + 7*i - 5*z = 400, r = -3*i - z + 228. Is i composite?
True
Let h(c) = 521*c - 4. Let x(u) = -3*u**3 - 2*u**2 - 3*u - 1. Let q be x(-1). Is h(q) a prime number?
True
Let s be 13/(-13) - (-2 + 1 - 0). Suppose 4*q - 3*w + s*w = 456, 3*q + w - 329 = 0. Is q prime?
False
Suppose -45*g + 48*g = 12. Suppose -g*l = -0*l - 6616. Is l prime?
False
Suppose 9*w + 1164 = 12*w. Let i = -269 + w. Is i composite?
True
Let h be (17/4)/((-1)/(-28)). Let w(f) = 18*f + 166. Let z be w(-9). Suppose h = z*d - 3*d. Is d prime?
False
Let w(t) = 37*t**2 - 6*t - 2. Is w(2) composite?
True
Let q(p) = 102*p + 169. Is q(27) composite?
True
Let t(v) be the first derivative of v**4/4 + 5*v**3 - 9*v**2 + 30*v + 46. Is t(-16) a composite number?
True
Suppose 0 = -i - 2*y + 29, -y = 4*i - 3*y - 76. Suppose i*j - 18*j = 951. Is j composite?
False
Let u(d) = 2*d**3 + 5*d**2 + 5*d - 6. Let j be u(-5). Let y = j + 835. Is y a composite number?
True
Let l(t) = 550*t**2 - 8*t - 13. Is l(6) a prime number?
True
Suppose 4*x - 3094 = 3*q, 0*q + q = -5*x - 1006. Let t = -175 - q. Is t prime?
False
Suppose 2*p - 4 = 0, 0 = g - 3*g - 3*p + 17288. Is g a prime number?
True
Suppose 0 = 2*i - 3*j - 11931, 0 = -4*i - 2*j + 3*j + 23847. Is i composite?
True
Let t(u) = 132*u**2 + 78*u**2 - 8*u - 139*u**2 - 11. Is t(-4) a prime number?
False
Suppose 5*q = 5*t - 58375, 4*q = -4*t + 6*t - 23346. Is t prime?
True
Suppose 187 + 149 = -3*a. Let h = a + 865. Is h composite?
True
Let g = -24 - -11. Let u = g + 317. Let r = u + 91. Is r a composite number?
True
Let t(j) = j**2 - j - 1. Let g(v) = 4*v**3 - 13*v + 13. Let o(x) = g(x) + t(x). Is o(5) a prime number?
True
Let x(q) = -q**3 - q - 1. Let o(p) = 10*p**3 + 6*p**2 + 10*p + 6. Let b(h) = -o(h) - 4*x(h). Let w be b(-5). Suppose 4*y - w = -0*y. Is y a composite number?
False
Let d(h) = -2*h**3 - 13*h**2 + 32*h + 33. Let q(p) = p**3 + 6*p**2 - 16*p - 17. Let c(v) = -4*d(v) - 9*q(v). Is c(-6) a prime number?
False
Suppose 1300 = 3*u + 4312. Let w = 3045 - u. Is w a prime number?
True
Let r = 28 + -30. Is (2 - r - 6) + 823 prime?
True
Let i(n) = -n**2 - 3*n + 2. Let j be i(-2). Let o = -5 + j. Is o + 180 - 0/(-2) composite?
False
Let u(c) be the first derivative of c**2 + 961*c + 10. Is u(0) a prime number?
False
Let c be -3 - -3 - 90*-2. Suppose 12*l - 450 = 822. Let n = c - l. Is n composite?
True
Let j = 55 - 52. Suppose -j*c + 501 = -726. Is c a prime number?
True
Let a(g) = g**3 + 14*g - 11. Let m be a(9). Suppose -7*q + m = -3*q. Is q a prime number?
True
Let g = 30 - 28. Suppose 3078 = 4*k + g*i + 572, -1 = i. Is (-1*k)/(-3) - -2 a prime number?
True
Let j be (-1)/(2 + (-23)/11). Let h(c) be the first derivative of c**4/4 + 5*c**3/3 - 5*c**2/2 + 8*c - 123. Is h(j) a composite number?
False
Suppose -4*n - x + 8 = 0, -n = -6*n + 2*x + 23. Suppose -413 = 10*u - n*u. Let g = u - -198. Is g composite?
False
Suppose 5*s - 210 = 2*s. Let x = 1 + s. Let l = x + 48. Is l a prime number?
False
Suppose 9*d - 24*d = -297795. Is d a composite number?
False
Let i(g) = 2*g**3 - 13*g**2 + 5*g - 5. Let p be 22/2 + 1 + 4 + -6. Is i(p) prime?
False
Suppose 0 = 17*l - 9*l - 244648. Is l a prime number?
False
Suppose -k - 11496 = -7*k. Suppose 0 = 26*d - 22*d - k. Is d prime?
True
Let u(v) = v**2 + v + 3. Let r(l) = l**2 - 6*l. Let m be r(6). Let y be m/(2 - 4 - 0). Is u(y) a composite number?
False
Let i(k) = -2*k**2 - 2*k + 1. Let h be i(-2). Let n(y) = -57*y - 8. Is n(h) prime?
True
Let a = 31 + -29. Suppose 275 = 3*o - q - q, 194 = a*o - 4*q. Is o a prime number?
True
Suppose 3*w = 2*f - 57808, 2*f - 8*w = -4*w + 57810. Is f a composite number?
False
Is (2 + 3)/(50/174830) composite?
False
Let y(v) = -126*v + 5. Let r(i) = -59*i + 6 - 116*i + 48*i. Let z(l) = 4*r(l) - 5*y(l). Is z(4) a prime number?
True
Is ((-17)/(-51))/((-175094)/(-87546) + -2) a prime number?
True
Let t be (-4065 + -7)/(2/2). Let x = -1133 - t. Suppose 5*n - 2*n + 2*k = x, n - 957 = 5*k. Is n composite?
False
Suppose 0 = 6*l + 2*l - 10488. Let n = -842 + l. Is n composite?
True
Let k(m) = 3*m**2 + 3*m + 1. Let y = 13 + -10. Suppose -d - 2*i + 4*i = 2, -5*i = y*d + 6. Is k(d) a composite number?
False
Let p(y) be the second derivative of -68*y**3/3 + 21*y**2/2 + 22*y. Is p(-4) a prime number?
False
Let b(v) = -2*v + 4. Suppose -2*f - 5*a = -3*a + 4, -20 = -5*f + a. Let g be b(f). Is (-354)/3*g/4 a composite number?
False
Suppose 0 = -12*q + 8953 + 16223. Is q composite?
True
Let q(b) = 3*b + 19*b + 24 + 17 - 4. Is q(15) a prime number?
True
Let a = 69901 + -45168. Is a composite?
False
Suppose -3*r = -4*w - 463, -1 = w - 6. Is r a prime number?
False
Let v = -1331 + -1035. Is v/(-10) - 10/(-25) composite?
True
Let q be 3/15 - 5014/(-5). Suppose 5*x = -v + 5*v + 5078, 0 = x - 5*v - q. Let u = -683 + x. Is u prime?
False
Let h(y) = 18*y**2 - 28*y + 45. Is h(29) composite?
True
Suppose -3*k - 2*p = 76, 4*k - 2*p = 5*k + 24. Is (-26)/(-169) - 9694/k a prime number?
True
Is (38 + -37)*(9679 - 2) prime?
True
Suppose 3*u = -4*o + 279230, -5*o - 28*u + 35*u = -349059. Is o composite?
False
Let h be (6/4)/(12/32). Suppose -w = -h*z - 2*w + 2568, -2*z + 4*w = -1266. Is z a composite number?
False
Let z(q) = 2*q - 3. Let y be z(4). Let b(r) = r**3 - 7*r**2 - r - 4. Let c be b(9). Suppose 0 = 2*s + 5*p - 87, s = 5*s + y*p - c. Is s a composite number?
False
Let x(c) = c - 1. Let g(z) = -z + 11. Let n(r) = -g(r) - 3*x(r). Let v be n(-5). Suppose f + 15 = v*f. Is f a composite number?
True
Suppose -2595 = -7*m + 4*m. Let h = 1520 - 1028. Let d = m - h. Is d a composite number?
False
Suppose -4*s - 7*k - 8 = -2*k, -6 = -2*s - 5*k. Let a = -21 - s. Is 